- (8 - 7). What is the highest common divisor of l and i?
9
Let z = -11 - -17. Suppose -3*v - v - 1 = f, 5*f - 4*v - 43 = 0. Let o be 8 + -8 + -1 + f. Calculate the greatest common factor of o and z.
6
Suppose -2*d + 112 = 2*d + 4*q, -5*d = 2*q - 131. Calculate the highest common factor of 75 and d.
25
Suppose -z = 7*j - 3*j - 123, -5*z - 5*j = -660. Calculate the greatest common divisor of z and 15.
15
Let r(y) = -y**2 + 5*y + 7. Let z be r(6). Calculate the greatest common divisor of 8 and z.
1
Let v(g) = g + 7. Let o be v(-5). Suppose 0 = -o*c - c + 6. Suppose -2*r + c = -2. Calculate the greatest common divisor of 4 and r.
2
Suppose 0 = -4*d + 6*d - 46. Calculate the greatest common factor of d and 92.
23
Let u be ((1 - -3)/2)/(-1). Let h be 0/u - (-64)/4. What is the highest common factor of h and 48?
16
Let z be 9/(-5)*(-560)/24. Suppose 56 = 3*j + 8. Suppose 4*n = 96 + j. What is the greatest common divisor of n and z?
14
Let v be -1 - (0 + -89) - (-3)/(-3). Calculate the highest common factor of 29 and v.
29
Let v(z) = -3*z**3 - 7*z**2 - 4*z. Let r be v(-4). Let m(g) = -11*g**3 + 2*g**2 + g. Let w be m(-1). Calculate the highest common divisor of w and r.
12
Suppose -y = 6*t - 2*t + 5, 0 = -t + 5*y + 4. Let r be t - (0 + (1 - 0)). Let f = r - -22. Calculate the highest common factor of 30 and f.
10
Suppose 163 = -4*g + 647. Suppose 0 = 5*d - g + 16. Calculate the highest common factor of d and 168.
21
Suppose -12 + 2 = -2*z. Let d be 43/z + 4/10. Let b(s) = -s**2 - 5*s + 3. Let m be b(-5). What is the highest common divisor of d and m?
3
Let c be 63/12 + (-3)/(-4). Let d = 1 - -2. What is the greatest common divisor of c and d?
3
Suppose 4*b - 40 = 9*b. Let l = -5 - b. Suppose -n + 52 = l*n. What is the greatest common factor of n and 39?
13
Let a = -29 - -80. Let s = -4 + 12. Suppose -s*w + a = -5*w. Calculate the greatest common factor of w and 153.
17
Suppose -z + 14 = -23. Let t = z - 2. Let b = -1 - -8. Calculate the highest common divisor of t and b.
7
Suppose -d + 38 = 4*s, -4*s = 5*d - s - 122. Let b = -456 + 698. Calculate the greatest common factor of d and b.
22
Let u = 131 + -75. Calculate the highest common divisor of 14 and u.
14
Suppose -2*h + h = -77. Let a(c) = -c**3 + 5*c**2 - 4*c + 1. Let d be a(3). What is the greatest common factor of h and d?
7
Suppose 0 = 5*b - 8*b + 60. What is the greatest common divisor of 50 and b?
10
Let m(q) = -76*q**3 + 3*q**2 + q - 1. Let u be m(-1). Calculate the highest common divisor of u and 7.
7
Suppose -5*d + 3*d = s - 73, 2*s = 5*d + 128. Let c be (3 + -1)/(6/s). What is the highest common factor of c and 161?
23
Suppose 8*b = 5*b + 429. Suppose -44*j = -39*j - 65. What is the highest common divisor of j and b?
13
Let g(s) = -s**3 - 4*s**2 + 6*s + 1. Suppose 0 = -5*m + 3*m - 8. Let d be g(m). Let h = 37 + d. What is the highest common divisor of h and 35?
7
Let g(t) = 1 + 5 + 2 + 3*t + 0. Let a be g(6). Calculate the greatest common divisor of 65 and a.
13
Let h(k) = -6*k**3 + 2*k + 1. Let v = 6 + -7. Let b be h(v). Calculate the greatest common factor of b and 40.
5
Suppose -48 = r - 192. Calculate the greatest common divisor of r and 18.
18
Let y = 96 - 85. What is the highest common divisor of y and 187?
11
Suppose 0*y - 6 = -3*y. Calculate the highest common factor of 10 and y.
2
Suppose 0 = 3*n + 2*m + 29, -2*n + 2*m - 43 = 3*n. Let x(l) = -l**3 - 9*l**2 - 8*l + 5. Let j be x(n). Calculate the highest common divisor of j and 11.
11
Let c be 2*(1*-4)/2. Let v(w) = -w**2 - 6*w - 6. Let d be v(c). Let g be -5*2/(-2*1). Calculate the highest common divisor of g and d.
1
Suppose -29*u + 30*u - 16 = 0. What is the highest common divisor of u and 88?
8
Suppose -2*b + 4 = -0*b. Let s(y) = y**2 + 3*y - 25. Let h be s(4). Calculate the highest common factor of b and h.
1
Let n(y) = -y**3 - 11*y**2 + 19*y - 4. Let z be n(-13). What is the greatest common factor of 29 and z?
29
Suppose i - 4*w - 6 = -13, -i - 2*w + 11 = 0. Calculate the highest common divisor of i and 4.
1
Let l(t) = -t**3 + 7*t**2 + 3*t - 5. Let f be l(7). Let o = f + 28. Suppose -c = -3*c + o. What is the highest common factor of 176 and c?
22
Suppose -h + 15 = 4. Let v = 0 + 2. Let s be (0 - 2 - v)*-11. Calculate the highest common factor of s and h.
11
Let m be (2 - (-6)/2)*1. Suppose m = 2*p + 3*p. Suppose 4*a + p = 13. Calculate the greatest common factor of a and 2.
1
Suppose 8*f - 20 = 4*f. Suppose f*n - 15 = 0, 3*n + n + 43 = w. What is the greatest common factor of 11 and w?
11
Let d = -178 - -192. Calculate the highest common factor of d and 98.
14
Suppose -5*t + 26 = -3*t. What is the greatest common divisor of 52 and t?
13
Suppose 3*z + 2*z = 100. Suppose d - 4*n - 30 = 0, 5*d = n + 2*n + 65. Calculate the greatest common divisor of d and z.
10
Let s be (-24)/(-5) - 2/(-10). Let i be s/(-30) + 31/6. Suppose -26 - 19 = -i*m. What is the highest common factor of m and 81?
9
Suppose 395 = 4*f + 75. Let b = -225 - -333. Let x = b - 76. What is the highest common factor of x and f?
16
Let d = -5 + 0. Let m be 6*(-2 - d - -1). Let k(n) = n**3 - n**2 + n. Let w be k(2). What is the highest common divisor of w and m?
6
Suppose 3*m + c - 15 = -2*m, 5*c = 2*m + 21. Suppose -m*d + 15 = d. Calculate the highest common divisor of 40 and d.
5
Suppose -44 + 0 = -4*c. Suppose 0 = 8*v - 5*v - 264. Calculate the highest common factor of v and c.
11
Let b be (-132)/16*64/(-6). Calculate the greatest common factor of b and 22.
22
Suppose -2*u - 5*c = -120, 0*c + 256 = 4*u + 2*c. What is the greatest common factor of u and 13?
13
Suppose j + 6*y - 36 = 3*y, -4*j + 3*y = -99. Let m be (0 - 3/(-1)) + -37. Let n = m + 52. Calculate the greatest common divisor of j and n.
9
Let u = 1 + 17. What is the highest common divisor of u and 144?
18
Suppose u + 3*s + 2 - 18 = 0, 4*s = -u + 21. Calculate the highest common factor of 16 and u.
1
Let o be 2*(-1)/(-2)*-268. Suppose 11*u + 2273 = 535. Let b = u - o. What is the highest common factor of b and 11?
11
Let m(f) = -2*f - 9. Let w be m(-6). Suppose -96 = -5*z - w*u, -u + 18 = z - 0*u. Calculate the highest common divisor of z and 21.
21
Suppose -8 = -2*w - 4*t, -4*w + w = t - 12. Let q(y) = -y + 10. Let j be q(8). Suppose 0 = w*p - j*p - 10. What is the highest common divisor of p and 5?
5
Let n be 12/(-4*4/(-96)). Calculate the highest common factor of 48 and n.
24
Let l(o) = -o**2 - 10*o - 7. Let t be l(-8). Let p = 16 - t. Calculate the highest common factor of 28 and p.
7
Let l = 696 - 481. Calculate the highest common factor of 86 and l.
43
Let v be (7 + -2)*(-63)/(-105). Calculate the highest common divisor of v and 27.
3
Let u = -27 - -28. What is the highest common factor of u and 4?
1
Suppose 61 + 47 = -3*a. Let c be 12/(-24)*a/2. What is the highest common factor of c and 6?
3
Let w(j) = -106*j - 1. Let b be w(-1). Let f = -123 - -138. What is the greatest common divisor of f and b?
15
Suppose -4*y = w - 29, 1 = -2*w + 5*y - 6. Calculate the greatest common factor of w and 1.
1
Suppose 6 = k + 1. Suppose k*s - 2*g = 135, -2*s - 5*g - 3 = -28. What is the greatest common divisor of s and 10?
5
Let j = -24 - -38. Suppose -i + j = 3*m, 0 = -0*i - 2*i - 5*m + 32. Suppose 2*y - 94 = i. Calculate the highest common factor of y and 24.
12
Suppose 3*u - 3*n = 548 + 10, 0 = 3*u + 3*n - 552. What is the highest common factor of u and 74?
37
Let f(d) = 9*d**3 + d**2 - 2*d + 1. Let c be f(1). Let i(y) = -8*y**3 + 2*y**2 + 2*y + 1. Let k be i(-1). Calculate the highest common divisor of c and k.
9
Let q = 4 - -32. Let p = -22 + q. What is the highest common divisor of 7 and p?
7
Suppose -v + 6*v - 72 = -3*s, 20 = 2*v - s. What is the highest common factor of 132 and v?
12
Let x(r) = -r**3 + 9*r**2 - 5*r + 3. Let z be x(6). Let s be (1/(-3))/((-3)/z). What is the highest common factor of 18 and s?
9
Let y = 5 - 3. Let c be y/3 + 1140/18. What is the greatest common factor of c and 16?
16
Suppose -28 = w - 5*v, 2*v = -4*w + v - 7. Let x = 5 + w. What is the highest common divisor of 3 and x?
1
Suppose 2*z = -0*z + 62. Let q be -6*18/12*62/(-2). Calculate the greatest common factor of z and q.
31
Let i = 2 + 0. Suppose -i*n + j + 39 = -2*j, -25 = 5*j. Let x(q) = -15*q - 30. Let a be x(-4